0123
What are the prime factors of 2901413?
557, 5209
List the prime factors of 5929989.
3, 13, 383, 397
List the prime factors of 114939.
3, 11, 43
List the prime factors of 2644451.
2644451
List the prime factors of 2831978.
2, 1415989
What are the prime factors of 2063984?
2, 13, 9923
What are the prime factors of 10857933?
3, 461, 2617
List the prime factors of 11362920.
2, 3, 5, 23, 179
What are the prime factors of 11304483?
3, 739, 5099
What are the prime factors of 285897?
3, 157, 607
List the prime factors of 8504.
2, 1063
List the prime factors of 137362.
2, 173, 397
What are the prime factors of 48781?
48781
List the prime factors of 4922221.
37, 133033
What are the prime factors of 11330747?
11330747
What are the prime factors of 4765609?
4765609
List the prime factors of 1630205.
5, 571
List the prime factors of 235699.
235699
List the prime factors of 4856326.
2, 2428163
What are the prime factors of 34692648?
2, 3, 17, 23, 3697
List the prime factors of 679348.
2, 169837
What are the prime factors of 158842?
2, 43, 1847
What are the prime factors of 28557489?
3, 29, 149, 2203
List the prime factors of 17810820.
2, 3, 5, 32983
What are the prime factors of 888794?
2, 17, 26141
What are the prime factors of 985526?
2, 492763
What are the prime factors of 1107478?
2, 157, 3527
List the prime factors of 304242.
2, 3, 50707
List the prime factors of 701128.
2, 87641
What are the prime factors of 3470095?
5, 694019
List the prime factors of 825520.
2, 5, 17, 607
List the prime factors of 41885780.
2, 5, 631, 3319
What are the prime factors of 1330754?
2, 67, 9931
List the prime factors of 2114033.
1237, 1709
What are the prime factors of 180538?
2, 19, 4751
List the prime factors of 7269518.
2, 23, 6871
What are the prime factors of 3924596?
2, 13, 71, 1063
What are the prime factors of 4445380?
2, 5, 222269
List the prime factors of 14162138.
2, 41, 172709
What are the prime factors of 20551630?
2, 5, 11, 83, 2251
List the prime factors of 20535.
3, 5, 37
What are the prime factors of 290997?
3, 7, 31, 149
What are the prime factors of 1801479?
3, 491, 1223
List the prime factors of 1941826.
2, 101, 9613
What are the prime factors of 11717269?
307, 38167
List the prime factors of 106960.
2, 5, 7, 191
List the prime factors of 17380787.
37, 101, 4651
List the prime factors of 1390527.
3, 17167
List the prime factors of 65004.
2, 3, 5417
List the prime factors of 257386.
2, 128693
List the prime factors of 3704291.
3704291
What are the prime factors of 37972?
2, 11, 863
List the prime factors of 1232873.
211, 5843
List the prime factors of 1089402.
2, 3, 31, 5857
List the prime factors of 452561.
19, 23819
What are the prime factors of 3556402?
2, 59, 30139
List the prime factors of 519571.
13, 17, 2351
What are the prime factors of 326929?
43, 7603
List the prime factors of 6928805.
5, 13, 37, 43, 67
What are the prime factors of 518561?
61, 8501
What are the prime factors of 3237139?
3237139
List the prime factors of 89825.
5, 3593
List the prime factors of 10526798.
2, 19, 277021
What are the prime factors of 4666997?
4666997
List the prime factors of 246276.
2, 3, 6841
List the prime factors of 8887971.
3, 43, 68899
List the prime factors of 526315.
5, 105263
What are the prime factors of 783505?
5, 349, 449
List the prime factors of 99485.
5, 101, 197
What are the prime factors of 18049616?
2, 13, 107, 811
List the prime factors of 3021338.
2, 1510669
List the prime factors of 612522.
2, 3, 19, 199
List the prime factors of 40004489.
7, 859, 6653
What are the prime factors of 9097212?
2, 3, 758101
List the prime factors of 540682.
2, 43, 6287
List the prime factors of 321097.
7, 6553
List the prime factors of 912525.
3, 5, 23
List the prime factors of 24196.
2, 23, 263
What are the prime factors of 11315?
5, 31, 73
What are the prime factors of 364092?
2, 3, 30341
What are the prime factors of 217760?
2, 5, 1361
List the prime factors of 3608249.
3608249
What are the prime factors of 401557?
13, 17, 23, 79
List the prime factors of 1439791.
1439791
List the prime factors of 621191.
41, 109, 139
What are the prime factors of 12640062?
2, 3, 2106677
What are the prime factors of 7703009?
29, 265621
List the prime factors of 173616.
2, 3, 3617
What are the prime factors of 15970413?
3, 5323471
List the prime factors of 2925749.
31, 94379
List the prime factors of 10748519.
41, 317, 827
List the prime factors of 1347043.
19, 31, 2287
List the prime factors of 480104.
2, 60013
List the prime factors of 19183441.
103, 186247
List the prime factors of 2283483.
3, 761161
What are the prime factors of 6551814?
2, 3, 331, 3299
What are the prime factors of 324850?
2, 5, 73, 89
What are the prime factors of 1795469?
13, 138113
List the prime factors of 510487.
29, 607
What are the prime factors of 2460299?
2460299
What are the prime factors of 53225?
5, 2129
List the prime factors of 18017504.
2, 563047
List the prime factors of 79310.
2, 5, 7, 11, 103
What are the prime factors of 652053?
3, 217351
List the prime factors of 214402.
2, 107201
What are the prime factors of 149162?
2, 13, 5737
What are the prime factors of 24595347?
3, 7, 1171207
What are the prime factors of 3839104?
2, 89, 337
List the prime factors of 4673476.
2, 227, 5147
What are the prime factors of 3824944?
2, 61, 3919
What are the prime factors of 1530319?
7, 31231
What are the prime factors of 10104087?
3, 7, 481147
What are the prime factors of 493335?
3, 5, 19, 577
List the prime factors of 10000054.
2, 241, 20747
List the prime factors of 3702656.
2, 28927
List the prime factors of 3317271.
3, 1105757
What are the prime factors of 79528?
2, 9941
List the prime factors of 642797.
642797
List the prime factors of 4651818.
2, 3, 83, 9341
What are the prime factors of 31902449?
23, 53, 26171
What are the prime factors of 31285748?
2, 13, 373, 1613
List the prime factors of 1377488.
2, 7, 251
List the prime factors of 47394.
2, 3, 2633
List the prime factors of 625981.
67, 9343
List the prime factors of 231920.
2, 5, 13, 223
List the prime factors of 1276626.
2, 3, 13, 1259
What are the prime factors of 13054016?
2, 203969
List the prime factors of 328685.
5, 7, 9391
List the prime factors of 3038484.
2, 3, 23, 101, 109
List the prime factors of 87945.
3, 5, 11, 13, 41
List the prime factors of 3419826.
2, 3, 167, 3413
List the prime factors of 224363.
224363
List the prime factors of 6369466.
2, 3184733
List the prime factors of 2135737.
2135737
List the prime factors of 45599.
45599
List the prime factors of 1363644.
2, 3, 37879
What are the prime factors of 541820?
2, 5, 27091
List the prime factors of 911328.
2, 3, 11, 863
List the prime factors of 2256948.
2, 3, 71, 883
List the prime factors of 213058.
2, 307, 347
What are the prime factors of 151205?
5, 30241
What are the prime factors of 1356412?
2, 339103
What are the prime factors of 32755339?
103, 163, 1951
List the prime factors of 1755655.
5, 11, 137, 233
What are the prime factors of 314770?
2, 5, 31477
What are the prime factors of 192477?
3, 83, 773
What are the prime factors of 10173962?
2, 463, 10987
List the prime factors of 6311117.
6311117
What are the prime factors of 380138?
2, 11, 37, 467
List the prime factors of 455916.
2, 3, 37993
List the prime factors of 1319895.
3, 5, 3259
What are the prime factors of 716241?
3, 238747
What are the prime factors of 30047285?
5, 499, 12043
What are the prime factors of 125834?
2, 17, 3701
List the prime factors of 195701.
11, 17791
List the prime factors of 610584.
2, 3, 13, 19, 103
What are the prime factors of 3106413?
3, 547, 631
List the prime factors of 12830258.
2, 7, 59, 317
What are the prime factors of 577564?
2, 13, 29, 383
List the prime factors of 10603394.
2, 5301697
List the prime factors of 410466.
2, 3, 7, 29, 337
List the prime factors of 297282.
2, 3, 49547
List the prime factors of 154023.
3, 51341
What are the prime factors of 1322277?
3, 11, 17, 2357
List the prime factors of 403443.
3, 23, 1949
What are the prime factors of 4126180?
2, 5, 103, 2003
What are the prime factors of 10807246?
2, 1033, 5231
List the prime factors of 5132131.
5132131
What are the prime factors of 104819?
11, 13, 733
List the prime factors of 206480.
2, 5